{"id":131,"date":"2015-07-23T12:58:48","date_gmt":"2015-07-23T10:58:48","guid":{"rendered":"http:\/\/www.contrammobilita.it\/?page_id=131"},"modified":"2024-06-07T12:06:17","modified_gmt":"2024-06-07T10:06:17","slug":"azienda","status":"publish","type":"page","link":"https:\/\/www.contrammobilita.it\/index.php\/azienda\/","title":{"rendered":"Azienda"},"content":{"rendered":"<div class=\"fusion-fullwidth fullwidth-box fusion-builder-row-1 hundred-percent-fullwidth non-hundred-percent-height-scrolling\" style=\"--awb-border-radius-top-left:0px;--awb-border-radius-top-right:0px;--awb-border-radius-bottom-right:0px;--awb-border-radius-bottom-left:0px;--awb-overflow:visible;--awb-flex-wrap:wrap;\" ><div class=\"fusion-builder-row fusion-row\"><div class=\"fusion-layout-column fusion_builder_column fusion-builder-column-0 fusion_builder_column_1_3 1_3 fusion-one-third fusion-column-first\" style=\"--awb-bg-size:cover;width:30.6666%; margin-right: 4%;\"><div class=\"fusion-column-wrapper fusion-flex-column-wrapper-legacy\"><div class=\"fusion-image-element in-legacy-container\" style=\"--awb-caption-title-font-family:var(--h2_typography-font-family);--awb-caption-title-font-weight:var(--h2_typography-font-weight);--awb-caption-title-font-style:var(--h2_typography-font-style);--awb-caption-title-size:var(--h2_typography-font-size);--awb-caption-title-transform:var(--h2_typography-text-transform);--awb-caption-title-line-height:var(--h2_typography-line-height);--awb-caption-title-letter-spacing:var(--h2_typography-letter-spacing);\"><span class=\" fusion-imageframe imageframe-none imageframe-1 hover-type-none loghiSoci\"><img decoding=\"async\" src=\"http:\/\/www.contrammobilita.it\/wp-content\/uploads\/2015\/07\/contram.jpg\" alt class=\"img-responsive\"\/><\/span><\/div><div class=\"fusion-image-element in-legacy-container\" style=\"--awb-caption-title-font-family:var(--h2_typography-font-family);--awb-caption-title-font-weight:var(--h2_typography-font-weight);--awb-caption-title-font-style:var(--h2_typography-font-style);--awb-caption-title-size:var(--h2_typography-font-size);--awb-caption-title-transform:var(--h2_typography-text-transform);--awb-caption-title-line-height:var(--h2_typography-line-height);--awb-caption-title-letter-spacing:var(--h2_typography-letter-spacing);\"><span class=\" fusion-imageframe imageframe-none imageframe-2 hover-type-none loghiSoci\"><img decoding=\"async\" src=\"http:\/\/www.contrammobilita.it\/wp-content\/uploads\/2015\/07\/LogoMacerataBusTrasparente.gif\" alt class=\"img-responsive\"\/><\/span><\/div><div class=\"fusion-clearfix\"><\/div><\/div><\/div><div class=\"fusion-layout-column fusion_builder_column fusion-builder-column-1 fusion_builder_column_2_3 2_3 fusion-two-third fusion-column-last\" style=\"--awb-bg-size:cover;--awb-margin-top:10px;width:65.3333%;\"><div class=\"fusion-column-wrapper fusion-flex-column-wrapper-legacy\"><div class=\"fusion-text fusion-text-1\"><p style=\"text-align: justify;\"><a href=\"http:\/\/www.contram.it\" target=\"_blank\" rel=\"noopener noreferrer\">Contram spa<\/a>, Macerata bus (<a href=\"http:\/\/www.autolineesasp.it\/\" target=\"_blank\" rel=\"noopener noreferrer\">S.A.S.P. S.r.l.<\/a>, <a href=\"https:\/\/www.esitur.com\/agenzia-di-viaggi-esitur-crognaletti\">Crognaletti S.r.l<\/a>., S.A.S.A. 2 S.p.A., S.A.P. S.p.A. , <a href=\"http:\/\/www.autoserviziportesi.it\/portesi\/\" target=\"_blank\" rel=\"noopener noreferrer\">Autoservizi PORTESI S.r.l.<\/a>) sono confluite in una nuova societ\u00e0 che gestir\u00e0 il Trasporto Pubblico Locale extraurbano dell&#8221;intero bacino di Macerata. La nuova societ\u00e0 \u00e8 Contram Mobilit\u00e0.<\/p>\n<\/div><div class=\"fusion-sep-clear\"><\/div><div class=\"fusion-separator fusion-full-width-sep\" style=\"margin-left: auto;margin-right: auto;margin-bottom:10px;width:100%;\"><div class=\"fusion-separator-border sep-shadow\" style=\"--awb-height:20px;--awb-amount:20px;background:radial-gradient(ellipse at 50% -50% , #e0dede 0px, rgba(255, 255, 255, 0) 80%) repeat scroll 0 0 rgba(0, 0, 0, 0);background:-webkit-radial-gradient(ellipse at 50% -50% , #e0dede 0px, rgba(255, 255, 255, 0) 80%) repeat scroll 0 0 rgba(0, 0, 0, 0);background:-moz-radial-gradient(ellipse at 50% -50% , #e0dede 0px, rgba(255, 255, 255, 0) 80%) repeat scroll 0 0 rgba(0, 0, 0, 0);background:-o-radial-gradient(ellipse at 50% -50% , #e0dede 0px, rgba(255, 255, 255, 0) 80%) repeat scroll 0 0 rgba(0, 0, 0, 0);\"><\/div><\/div><div class=\"fusion-sep-clear\"><\/div><div class=\"fusion-text fusion-text-2\"><div style=\"text-align: justify;\">Contram Mobilit\u00e0 ha per oggetto sociale la gestione del servizio di trasporto pubblico locale, extraurbano ed urbano, nonch\u00e9 ogni altro servizio che rispetto al TPL, presenti carattere di connessione, interconnessione trasportistica, strumentalit\u00e0, complementarit\u00e0, utili per l&#8221;ambito sociale e per una efficace mobilit\u00e0 sostenibile e che sia ritenuto utile per l&#8221;attivit\u00e0&#8221; sociale.\u00a0 a titolo esemplificativo e non esaustivo: servizi scuolabus, servizi di trasporto a chiamata, servizi di trasporto speciali, servizi di trasporto disabili, gestione parcheggi, gestione area di sosta a pagamento, trasporto su rotaia, gestione terminal e stazioni a servizio del trasporto di persone, servizi di segnaletica, cartellonistica\u00a0 pubblicitaria, paline e pensiline di fermata.<\/div>\n<\/div><div class=\"fusion-sep-clear\"><\/div><div class=\"fusion-separator fusion-full-width-sep\" style=\"margin-left: auto;margin-right: auto;margin-bottom:10px;width:100%;\"><div class=\"fusion-separator-border sep-shadow\" style=\"--awb-height:20px;--awb-amount:20px;background:radial-gradient(ellipse at 50% -50% , #e0dede 0px, rgba(255, 255, 255, 0) 80%) repeat scroll 0 0 rgba(0, 0, 0, 0);background:-webkit-radial-gradient(ellipse at 50% -50% , #e0dede 0px, rgba(255, 255, 255, 0) 80%) repeat scroll 0 0 rgba(0, 0, 0, 0);background:-moz-radial-gradient(ellipse at 50% -50% , #e0dede 0px, rgba(255, 255, 255, 0) 80%) repeat scroll 0 0 rgba(0, 0, 0, 0);background:-o-radial-gradient(ellipse at 50% -50% , #e0dede 0px, rgba(255, 255, 255, 0) 80%) repeat scroll 0 0 rgba(0, 0, 0, 0);\"><\/div><\/div><div class=\"fusion-sep-clear\"><\/div><div class=\"fusion-text fusion-text-3\"><div><\/div>\n<div style=\"text-align: justify;\"><a href=\"https:\/\/www.contrammobilita.it\/wp-content\/uploads\/2024\/06\/RASA2024CM.pdf\">Nomina del Responsabile dell\u2019Anagrafe per la Stazione Appaltante (RASA)<\/a><\/div>\n<\/div><div class=\"fusion-clearfix\"><\/div><\/div><\/div><\/div><\/div>\n","protected":false},"excerpt":{"rendered":"","protected":false},"author":1,"featured_media":0,"parent":0,"menu_order":0,"comment_status":"open","ping_status":"open","template":"","meta":{"footnotes":""},"class_list":["post-131","page","type-page","status-publish","hentry"],"yoast_head":"<!-- This site is optimized with the Yoast SEO plugin v27.2 - https:\/\/yoast.com\/product\/yoast-seo-wordpress\/ -->\n<title>Azienda - Contram Mobilit\u00e0<\/title>\n<meta name=\"robots\" content=\"index, follow, max-snippet:-1, max-image-preview:large, max-video-preview:-1\" \/>\n<link rel=\"canonical\" href=\"https:\/\/www.contrammobilita.it\/index.php\/azienda\/\" \/>\n<meta property=\"og:locale\" content=\"it_IT\" \/>\n<meta property=\"og:type\" content=\"article\" \/>\n<meta property=\"og:title\" content=\"Azienda - Contram Mobilit\u00e0\" \/>\n<meta property=\"og:url\" content=\"https:\/\/www.contrammobilita.it\/index.php\/azienda\/\" \/>\n<meta property=\"og:site_name\" content=\"Contram Mobilit\u00e0\" \/>\n<meta property=\"article:modified_time\" content=\"2024-06-07T10:06:17+00:00\" \/>\n<meta property=\"og:image\" content=\"http:\/\/www.contrammobilita.it\/wp-content\/uploads\/2015\/07\/contram.jpg\" \/>\n<meta name=\"twitter:label1\" content=\"Tempo di lettura stimato\" \/>\n\t<meta name=\"twitter:data1\" content=\"3 minuti\" \/>\n<script type=\"application\/ld+json\" class=\"yoast-schema-graph\">{\"@context\":\"https:\/\/schema.org\",\"@graph\":[{\"@type\":\"WebPage\",\"@id\":\"https:\/\/www.contrammobilita.it\/index.php\/azienda\/\",\"url\":\"https:\/\/www.contrammobilita.it\/index.php\/azienda\/\",\"name\":\"Azienda - Contram Mobilit\u00e0\",\"isPartOf\":{\"@id\":\"http:\/\/www.contrammobilita.it\/#website\"},\"primaryImageOfPage\":{\"@id\":\"https:\/\/www.contrammobilita.it\/index.php\/azienda\/#primaryimage\"},\"image\":{\"@id\":\"https:\/\/www.contrammobilita.it\/index.php\/azienda\/#primaryimage\"},\"thumbnailUrl\":\"http:\/\/www.contrammobilita.it\/wp-content\/uploads\/2015\/07\/contram.jpg\",\"datePublished\":\"2015-07-23T10:58:48+00:00\",\"dateModified\":\"2024-06-07T10:06:17+00:00\",\"breadcrumb\":{\"@id\":\"https:\/\/www.contrammobilita.it\/index.php\/azienda\/#breadcrumb\"},\"inLanguage\":\"it-IT\",\"potentialAction\":[{\"@type\":\"ReadAction\",\"target\":[\"https:\/\/www.contrammobilita.it\/index.php\/azienda\/\"]}]},{\"@type\":\"ImageObject\",\"inLanguage\":\"it-IT\",\"@id\":\"https:\/\/www.contrammobilita.it\/index.php\/azienda\/#primaryimage\",\"url\":\"https:\/\/www.contrammobilita.it\/wp-content\/uploads\/2015\/07\/contram.jpg\",\"contentUrl\":\"https:\/\/www.contrammobilita.it\/wp-content\/uploads\/2015\/07\/contram.jpg\",\"width\":300,\"height\":157},{\"@type\":\"BreadcrumbList\",\"@id\":\"https:\/\/www.contrammobilita.it\/index.php\/azienda\/#breadcrumb\",\"itemListElement\":[{\"@type\":\"ListItem\",\"position\":1,\"name\":\"Home\",\"item\":\"https:\/\/www.contrammobilita.it\/\"},{\"@type\":\"ListItem\",\"position\":2,\"name\":\"Azienda\"}]},{\"@type\":\"WebSite\",\"@id\":\"http:\/\/www.contrammobilita.it\/#website\",\"url\":\"http:\/\/www.contrammobilita.it\/\",\"name\":\"Contram Mobilit\u00e0\",\"description\":\"Societ\u00e0 di gestione del TPL extraurbano della provincia di Macerata\",\"potentialAction\":[{\"@type\":\"SearchAction\",\"target\":{\"@type\":\"EntryPoint\",\"urlTemplate\":\"http:\/\/www.contrammobilita.it\/?s={search_term_string}\"},\"query-input\":{\"@type\":\"PropertyValueSpecification\",\"valueRequired\":true,\"valueName\":\"search_term_string\"}}],\"inLanguage\":\"it-IT\"}]}<\/script>\n<!-- \/ Yoast SEO plugin. -->","yoast_head_json":{"title":"Azienda - Contram Mobilit\u00e0","robots":{"index":"index","follow":"follow","max-snippet":"max-snippet:-1","max-image-preview":"max-image-preview:large","max-video-preview":"max-video-preview:-1"},"canonical":"https:\/\/www.contrammobilita.it\/index.php\/azienda\/","og_locale":"it_IT","og_type":"article","og_title":"Azienda - Contram Mobilit\u00e0","og_url":"https:\/\/www.contrammobilita.it\/index.php\/azienda\/","og_site_name":"Contram Mobilit\u00e0","article_modified_time":"2024-06-07T10:06:17+00:00","og_image":[{"url":"http:\/\/www.contrammobilita.it\/wp-content\/uploads\/2015\/07\/contram.jpg","type":"","width":"","height":""}],"twitter_misc":{"Tempo di lettura stimato":"3 minuti"},"schema":{"@context":"https:\/\/schema.org","@graph":[{"@type":"WebPage","@id":"https:\/\/www.contrammobilita.it\/index.php\/azienda\/","url":"https:\/\/www.contrammobilita.it\/index.php\/azienda\/","name":"Azienda - Contram Mobilit\u00e0","isPartOf":{"@id":"http:\/\/www.contrammobilita.it\/#website"},"primaryImageOfPage":{"@id":"https:\/\/www.contrammobilita.it\/index.php\/azienda\/#primaryimage"},"image":{"@id":"https:\/\/www.contrammobilita.it\/index.php\/azienda\/#primaryimage"},"thumbnailUrl":"http:\/\/www.contrammobilita.it\/wp-content\/uploads\/2015\/07\/contram.jpg","datePublished":"2015-07-23T10:58:48+00:00","dateModified":"2024-06-07T10:06:17+00:00","breadcrumb":{"@id":"https:\/\/www.contrammobilita.it\/index.php\/azienda\/#breadcrumb"},"inLanguage":"it-IT","potentialAction":[{"@type":"ReadAction","target":["https:\/\/www.contrammobilita.it\/index.php\/azienda\/"]}]},{"@type":"ImageObject","inLanguage":"it-IT","@id":"https:\/\/www.contrammobilita.it\/index.php\/azienda\/#primaryimage","url":"https:\/\/www.contrammobilita.it\/wp-content\/uploads\/2015\/07\/contram.jpg","contentUrl":"https:\/\/www.contrammobilita.it\/wp-content\/uploads\/2015\/07\/contram.jpg","width":300,"height":157},{"@type":"BreadcrumbList","@id":"https:\/\/www.contrammobilita.it\/index.php\/azienda\/#breadcrumb","itemListElement":[{"@type":"ListItem","position":1,"name":"Home","item":"https:\/\/www.contrammobilita.it\/"},{"@type":"ListItem","position":2,"name":"Azienda"}]},{"@type":"WebSite","@id":"http:\/\/www.contrammobilita.it\/#website","url":"http:\/\/www.contrammobilita.it\/","name":"Contram Mobilit\u00e0","description":"Societ\u00e0 di gestione del TPL extraurbano della provincia di Macerata","potentialAction":[{"@type":"SearchAction","target":{"@type":"EntryPoint","urlTemplate":"http:\/\/www.contrammobilita.it\/?s={search_term_string}"},"query-input":{"@type":"PropertyValueSpecification","valueRequired":true,"valueName":"search_term_string"}}],"inLanguage":"it-IT"}]}},"publishpress_future_action":{"enabled":false,"date":"2026-05-08 05:06:25","action":"change-status","newStatus":"draft","terms":[],"taxonomy":"","extraData":[]},"publishpress_future_workflow_manual_trigger":{"enabledWorkflows":[]},"_links":{"self":[{"href":"https:\/\/www.contrammobilita.it\/index.php\/wp-json\/wp\/v2\/pages\/131","targetHints":{"allow":["GET"]}}],"collection":[{"href":"https:\/\/www.contrammobilita.it\/index.php\/wp-json\/wp\/v2\/pages"}],"about":[{"href":"https:\/\/www.contrammobilita.it\/index.php\/wp-json\/wp\/v2\/types\/page"}],"author":[{"embeddable":true,"href":"https:\/\/www.contrammobilita.it\/index.php\/wp-json\/wp\/v2\/users\/1"}],"replies":[{"embeddable":true,"href":"https:\/\/www.contrammobilita.it\/index.php\/wp-json\/wp\/v2\/comments?post=131"}],"version-history":[{"count":9,"href":"https:\/\/www.contrammobilita.it\/index.php\/wp-json\/wp\/v2\/pages\/131\/revisions"}],"predecessor-version":[{"id":3317,"href":"https:\/\/www.contrammobilita.it\/index.php\/wp-json\/wp\/v2\/pages\/131\/revisions\/3317"}],"wp:attachment":[{"href":"https:\/\/www.contrammobilita.it\/index.php\/wp-json\/wp\/v2\/media?parent=131"}],"curies":[{"name":"wp","href":"https:\/\/api.w.org\/{rel}","templated":true}]}}

<div class="fusion-fullwidth fullwidth-box fusion-builder-row-1 hundred-percent-fullwidth non-hundred-percent-height-scrolling" style="--awb-border-radius-top-left:0px;--awb-border-radius-top-right:0px;--awb-border-radius-bottom-right:0px;--awb-border-radius-bottom-left:0px;--awb-overflow:visible;--awb-flex-wrap:wrap;" ><div class="fusion-builder-row fusion-row"><div class="fusion-layout-column fusion_builder_column fusion-builder-column-0 fusion_builder_column_1_3 1_3 fusion-one-third fusion-column-first" style="--awb-bg-size:cover;width:30.6666%; margin-right: 4%;"><div class="fusion-column-wrapper fusion-flex-column-wrapper-legacy"><div class="fusion-image-element in-legacy-container" style="--awb-caption-title-font-family:var(--h2_typography-font-family);--awb-caption-title-font-weight:var(--h2_typography-font-weight);--awb-caption-title-font-style:var(--h2_typography-font-style);--awb-caption-title-size:var(--h2_typography-font-size);--awb-caption-title-transform:var(--h2_typography-text-transform);--awb-caption-title-line-height:var(--h2_typography-line-height);--awb-caption-title-letter-spacing:var(--h2_typography-letter-spacing);"><span class=" fusion-imageframe imageframe-none imageframe-1 hover-type-none loghiSoci"><img decoding="async" src="http://www.contrammobilita.it/wp-content/uploads/2015/07/contram.jpg" alt class="img-responsive"/></span></div><div class="fusion-image-element in-legacy-container" style="--awb-caption-title-font-family:var(--h2_typography-font-family);--awb-caption-title-font-weight:var(--h2_typography-font-weight);--awb-caption-title-font-style:var(--h2_typography-font-style);--awb-caption-title-size:var(--h2_typography-font-size);--awb-caption-title-transform:var(--h2_typography-text-transform);--awb-caption-title-line-height:var(--h2_typography-line-height);--awb-caption-title-letter-spacing:var(--h2_typography-letter-spacing);"><span class=" fusion-imageframe imageframe-none imageframe-2 hover-type-none loghiSoci"><img decoding="async" src="http://www.contrammobilita.it/wp-content/uploads/2015/07/LogoMacerataBusTrasparente.gif" alt class="img-responsive"/></span></div><div class="fusion-clearfix"></div></div></div><div class="fusion-layout-column fusion_builder_column fusion-builder-column-1 fusion_builder_column_2_3 2_3 fusion-two-third fusion-column-last" style="--awb-bg-size:cover;--awb-margin-top:10px;width:65.3333%;"><div class="fusion-column-wrapper fusion-flex-column-wrapper-legacy"><div class="fusion-text fusion-text-1"><p style="text-align: justify;"><a href="http://www.contram.it" target="_blank" rel="noopener noreferrer">Contram spa</a>, Macerata bus (<a href="http://www.autolineesasp.it/" target="_blank" rel="noopener noreferrer">S.A.S.P. S.r.l.</a>, <a href="https://www.esitur.com/agenzia-di-viaggi-esitur-crognaletti">Crognaletti S.r.l</a>., S.A.S.A. 2 S.p.A., S.A.P. S.p.A. , <a href="http://www.autoserviziportesi.it/portesi/" target="_blank" rel="noopener noreferrer">Autoservizi PORTESI S.r.l.</a>) sono confluite in una nuova società che gestirà il Trasporto Pubblico Locale extraurbano dell&#8221;intero bacino di Macerata. La nuova società è Contram Mobilità.</p>
</div><div class="fusion-sep-clear"></div><div class="fusion-separator fusion-full-width-sep" style="margin-left: auto;margin-right: auto;margin-bottom:10px;width:100%;"><div class="fusion-separator-border sep-shadow" style="--awb-height:20px;--awb-amount:20px;background:radial-gradient(ellipse at 50% -50% , #e0dede 0px, rgba(255, 255, 255, 0) 80%) repeat scroll 0 0 rgba(0, 0, 0, 0);background:-webkit-radial-gradient(ellipse at 50% -50% , #e0dede 0px, rgba(255, 255, 255, 0) 80%) repeat scroll 0 0 rgba(0, 0, 0, 0);background:-moz-radial-gradient(ellipse at 50% -50% , #e0dede 0px, rgba(255, 255, 255, 0) 80%) repeat scroll 0 0 rgba(0, 0, 0, 0);background:-o-radial-gradient(ellipse at 50% -50% , #e0dede 0px, rgba(255, 255, 255, 0) 80%) repeat scroll 0 0 rgba(0, 0, 0, 0);"></div></div><div class="fusion-sep-clear"></div><div class="fusion-text fusion-text-2"><div style="text-align: justify;">Contram Mobilità ha per oggetto sociale la gestione del servizio di trasporto pubblico locale, extraurbano ed urbano, nonché ogni altro servizio che rispetto al TPL, presenti carattere di connessione, interconnessione trasportistica, strumentalità, complementarità, utili per l&#8221;ambito sociale e per una efficace mobilità sostenibile e che sia ritenuto utile per l&#8221;attività&#8221; sociale.  a titolo esemplificativo e non esaustivo: servizi scuolabus, servizi di trasporto a chiamata, servizi di trasporto speciali, servizi di trasporto disabili, gestione parcheggi, gestione area di sosta a pagamento, trasporto su rotaia, gestione terminal e stazioni a servizio del trasporto di persone, servizi di segnaletica, cartellonistica  pubblicitaria, paline e pensiline di fermata.</div>
</div><div class="fusion-sep-clear"></div><div class="fusion-separator fusion-full-width-sep" style="margin-left: auto;margin-right: auto;margin-bottom:10px;width:100%;"><div class="fusion-separator-border sep-shadow" style="--awb-height:20px;--awb-amount:20px;background:radial-gradient(ellipse at 50% -50% , #e0dede 0px, rgba(255, 255, 255, 0) 80%) repeat scroll 0 0 rgba(0, 0, 0, 0);background:-webkit-radial-gradient(ellipse at 50% -50% , #e0dede 0px, rgba(255, 255, 255, 0) 80%) repeat scroll 0 0 rgba(0, 0, 0, 0);background:-moz-radial-gradient(ellipse at 50% -50% , #e0dede 0px, rgba(255, 255, 255, 0) 80%) repeat scroll 0 0 rgba(0, 0, 0, 0);background:-o-radial-gradient(ellipse at 50% -50% , #e0dede 0px, rgba(255, 255, 255, 0) 80%) repeat scroll 0 0 rgba(0, 0, 0, 0);"></div></div><div class="fusion-sep-clear"></div><div class="fusion-text fusion-text-3"><div></div>
<div style="text-align: justify;"><a href="https://www.contrammobilita.it/wp-content/uploads/2024/06/RASA2024CM.pdf">Nomina del Responsabile dell’Anagrafe per la Stazione Appaltante (RASA)</a></div>
</div><div class="fusion-clearfix"></div></div></div></div></div>

<!-- This site is optimized with the Yoast SEO plugin v27.2 - https://yoast.com/product/yoast-seo-wordpress/ -->
<title>Azienda - Contram Mobilità</title>
<meta name="robots" content="index, follow, max-snippet:-1, max-image-preview:large, max-video-preview:-1" />
<link rel="canonical" href="https://www.contrammobilita.it/index.php/azienda/" />
<meta property="og:locale" content="it_IT" />
<meta property="og:type" content="article" />
<meta property="og:title" content="Azienda - Contram Mobilità" />
<meta property="og:url" content="https://www.contrammobilita.it/index.php/azienda/" />
<meta property="og:site_name" content="Contram Mobilità" />
<meta property="article:modified_time" content="2024-06-07T10:06:17+00:00" />
<meta property="og:image" content="http://www.contrammobilita.it/wp-content/uploads/2015/07/contram.jpg" />
<meta name="twitter:label1" content="Tempo di lettura stimato" />
	<meta name="twitter:data1" content="3 minuti" />
<script type="application/ld+json" class="yoast-schema-graph">{"@context":"https://schema.org","@graph":[{"@type":"WebPage","@id":"https://www.contrammobilita.it/index.php/azienda/","url":"https://www.contrammobilita.it/index.php/azienda/","name":"Azienda - Contram Mobilità","isPartOf":{"@id":"http://www.contrammobilita.it/#website"},"primaryImageOfPage":{"@id":"https://www.contrammobilita.it/index.php/azienda/#primaryimage"},"image":{"@id":"https://www.contrammobilita.it/index.php/azienda/#primaryimage"},"thumbnailUrl":"http://www.contrammobilita.it/wp-content/uploads/2015/07/contram.jpg","datePublished":"2015-07-23T10:58:48+00:00","dateModified":"2024-06-07T10:06:17+00:00","breadcrumb":{"@id":"https://www.contrammobilita.it/index.php/azienda/#breadcrumb"},"inLanguage":"it-IT","potentialAction":[{"@type":"ReadAction","target":["https://www.contrammobilita.it/index.php/azienda/"]}]},{"@type":"ImageObject","inLanguage":"it-IT","@id":"https://www.contrammobilita.it/index.php/azienda/#primaryimage","url":"https://www.contrammobilita.it/wp-content/uploads/2015/07/contram.jpg","contentUrl":"https://www.contrammobilita.it/wp-content/uploads/2015/07/contram.jpg","width":300,"height":157},{"@type":"BreadcrumbList","@id":"https://www.contrammobilita.it/index.php/azienda/#breadcrumb","itemListElement":[{"@type":"ListItem","position":1,"name":"Home","item":"https://www.contrammobilita.it/"},{"@type":"ListItem","position":2,"name":"Azienda"}]},{"@type":"WebSite","@id":"http://www.contrammobilita.it/#website","url":"http://www.contrammobilita.it/","name":"Contram Mobilità","description":"Società di gestione del TPL extraurbano della provincia di Macerata","potentialAction":[{"@type":"SearchAction","target":{"@type":"EntryPoint","urlTemplate":"http://www.contrammobilita.it/?s={search_term_string}"},"query-input":{"@type":"PropertyValueSpecification","valueRequired":true,"valueName":"search_term_string"}}],"inLanguage":"it-IT"}]}</script>
<!-- / Yoast SEO plugin. -->

Azienda - Contram Mobilità

Contram Mobilità

Società di gestione del TPL extraurbano della provincia di Macerata
